{"id":28,"date":"2019-11-14T13:48:47","date_gmt":"2019-11-14T12:48:47","guid":{"rendered":"https:\/\/themify.me\/demo\/themes\/ultra-construction\/?page_id=281"},"modified":"2022-11-23T17:58:37","modified_gmt":"2022-11-23T16:58:37","slug":"kontakt","status":"publish","type":"page","link":"https:\/\/wildriver.pl\/index.php\/home\/kontakt\/","title":{"rendered":"Kontakt"},"content":{"rendered":"<!--themify_builder_content-->\n<div id=\"themify_builder_content-28\" data-postid=\"28\" class=\"themify_builder_content themify_builder_content-28 themify_builder tf_clear\">\n                    <div  data-lazy=\"1\" class=\"module_row themify_builder_row tb_ikh0261 tb_first tf_w\">\n            <span  class=\"builder_row_cover tf_abs\" data-lazy=\"1\"><\/span>            <div class=\"row_inner col_align_top tb_col_count_2 tf_box tf_rel\">\n                        <div  data-lazy=\"1\" class=\"module_column tb-column col3-2 tb_p3yk263 first\">\n                    <!-- module text -->\n<div  class=\"module module-text tb_6dr1263   \" data-lazy=\"1\">\n        <div  class=\"tb_text_wrap\">\n        <h1>KONTAKT<\/h1>    <\/div>\n<\/div>\n<!-- \/module text -->        <\/div>\n                    <div  data-lazy=\"1\" class=\"module_column tb-column col3-1 tb_3psa264 last\">\n                            <\/div>\n                        <\/div>\n        <\/div>\n                        <div  data-lazy=\"1\" class=\"module_row themify_builder_row tb_ig3q460 tf_w\">\n                        <div class=\"row_inner col_align_top tb_col_count_1 tf_box tf_rel\">\n                        <div  data-lazy=\"1\" class=\"module_column tb-column col-full tb_2u8l460 first\">\n                            <div  data-lazy=\"1\" class=\"module_subrow themify_builder_sub_row tf_w col_align_bottom tb_col_count_2 tb_e5rh667\">\n                <div  data-lazy=\"1\" class=\"module_column sub_column col3-1 tb_0by6669 first\">\n                    <!-- module text -->\n<div  class=\"module module-text tb_zu8k332   \" data-lazy=\"1\">\n        <div  class=\"tb_text_wrap\">\n        <h3>\u00a0<\/h3>    <\/div>\n<\/div>\n<!-- \/module text -->        <\/div>\n                    <div  data-lazy=\"1\" class=\"module_column sub_column col3-2 tb_xgaj669 last\">\n                    <!-- module text -->\n<div  class=\"module module-text tb_z9tq778   \" data-lazy=\"1\">\n        <div  class=\"tb_text_wrap\">\n        <h3>Dane kontaktowe<\/h3>    <\/div>\n<\/div>\n<!-- \/module text --><!-- module text -->\n<div  class=\"module module-text tb_7drq954   \" data-lazy=\"1\">\n        <div  class=\"tb_text_wrap\">\n            <\/div>\n<\/div>\n<!-- \/module text -->        <\/div>\n                    <\/div>\n                <div  data-lazy=\"1\" class=\"module_subrow themify_builder_sub_row tf_w col_align_top tb_col_count_2 tb_vuw5711\">\n                <div  data-lazy=\"1\" class=\"module_column sub_column col3-1 tb_t9ky641 first\">\n                    <!-- module text -->\n<div  class=\"module module-text tb_299s643   \" data-lazy=\"1\">\n        <div  class=\"tb_text_wrap\">\n        <h3>telefon<\/h3>    <\/div>\n<\/div>\n<!-- \/module text -->        <\/div>\n                    <div  data-lazy=\"1\" class=\"module_column sub_column col3-2 tb_7ng3714 last\">\n                    <!-- module text -->\n<div  class=\"module module-text tb_i5za715   \" data-lazy=\"1\">\n        <div  class=\"tb_text_wrap\">\n            <\/div>\n<\/div>\n<!-- \/module text --><!-- module icon -->\n<div  class=\"module module-icon tb_bq9a628  normal none icon_horizontal \" data-lazy=\"1\">\n\t\t\t<div class=\"module-icon-item\">\n\t\t\t\t\t\t\t\t\t\t\t\t\t\t\t\t<em class=\"tf_box\"\n\t\t\t\t\t\t\t\t\t\t\t\t style=\"color:#ff9600\"\t\t\t\t\t><svg  class=\"tf_fa tf-ti-mobile\" xmlns:xlink=\"http:\/\/www.w3.org\/1999\/xlink\" aria-hidden=\"true\"><use href=\"#tf-ti-mobile\" xlink:href=\"#tf-ti-mobile\"><\/use><\/svg><\/em>\n\t\t\t\t\t\t\t\t\t\t\t\t\t\t\t\t\t\t\t<span>+48 570 460 219<\/span>\n\t\t\t\t\t\t\t\t\t\t\t\t\t\t\t<\/div>\n\t<\/div>\n<!-- \/module icon -->\n        <\/div>\n                    <\/div>\n                <div  data-lazy=\"1\" class=\"module_subrow themify_builder_sub_row tf_w col_align_top tb_col_count_2 tb_pk0i61\">\n                <div  data-lazy=\"1\" class=\"module_column sub_column col3-1 tb_2g6a62 first\">\n                    <!-- module text -->\n<div  class=\"module module-text tb_yl3g63   \" data-lazy=\"1\">\n        <div  class=\"tb_text_wrap\">\n        <h3>Email<\/h3>    <\/div>\n<\/div>\n<!-- \/module text -->        <\/div>\n                    <div  data-lazy=\"1\" class=\"module_column sub_column col3-2 tb_kid263 last\">\n                    <!-- module icon -->\n<div  class=\"module module-icon tb_b917376  normal none icon_horizontal \" data-lazy=\"1\">\n\t\t\t<div class=\"module-icon-item\">\n\t\t\t\t\t\t\t<a href=\"mailto:%20info@wildriver.pl\">\n\t\t\t\t\t\t\t\t\t\t\t\t\t\t\t\t\t<em class=\"tf_box\"\n\t\t\t\t\t\t\t\t\t\t\t\t style=\"color:#ff9600\"\t\t\t\t\t><svg  class=\"tf_fa tf-ti-email\" xmlns:xlink=\"http:\/\/www.w3.org\/1999\/xlink\" aria-hidden=\"true\"><use href=\"#tf-ti-email\" xlink:href=\"#tf-ti-email\"><\/use><\/svg><\/em>\n\t\t\t\t\t\t\t\t\t\t\t\t\t\t\t\t\t\t\t<span>info@wildriver.pl<\/span>\n\t\t\t\t\t\t\t\t\t\t\t\t\t\t\t\t\t<\/a>\n\t\t\t\t\t<\/div>\n\t<\/div>\n<!-- \/module icon -->\n        <\/div>\n                    <\/div>\n                <div  data-lazy=\"1\" class=\"module_subrow themify_builder_sub_row tf_w col_align_top tb_col_count_2 tb_cvne90\">\n                <div  data-lazy=\"1\" class=\"module_column sub_column col3-1 tb_m40c92 first\">\n                    <!-- module text -->\n<div  class=\"module module-text tb_8x8793   \" data-lazy=\"1\">\n        <div  class=\"tb_text_wrap\">\n        <h3>Social Media<\/h3>    <\/div>\n<\/div>\n<!-- \/module text -->        <\/div>\n                    <div  data-lazy=\"1\" class=\"module_column sub_column col3-2 tb_1iur93 last\">\n                    <!-- module icon -->\n<div  class=\"module module-icon tb_n99f94  normal none icon_vertical \" data-lazy=\"1\">\n\t\t\t<div class=\"module-icon-item\">\n\t\t\t\t\t\t\t<a href=\"https:\/\/www.facebook.com\/wildriverpl\/\">\n\t\t\t\t\t\t\t\t\t\t\t\t\t\t\t\t\t<em class=\"tf_boxorange\"\n\t\t\t\t\t\t\t\t\t\t\t\t\t\t\t\t\t><svg  class=\"tf_fa tf-ti-facebook\" xmlns:xlink=\"http:\/\/www.w3.org\/1999\/xlink\" aria-hidden=\"true\"><use href=\"#tf-ti-facebook\" xlink:href=\"#tf-ti-facebook\"><\/use><\/svg><\/em>\n\t\t\t\t\t\t\t\t\t\t\t\t\t\t\t\t\t\t\t<span>Facebook<\/span>\n\t\t\t\t\t\t\t\t\t\t\t\t\t\t\t\t\t<\/a>\n\t\t\t\t\t<\/div>\n\t\t\t<div class=\"module-icon-item\">\n\t\t\t\t\t\t\t<a href=\"https:\/\/www.instagram.com\/wildriverpl\/\">\n\t\t\t\t\t\t\t\t\t\t\t\t\t\t\t\t\t<em class=\"tf_box\"\n\t\t\t\t\t\t\t\t\t\t\t\t\t\t\t\t\t><svg  class=\"tf_fa tf-ti-instagram\" xmlns:xlink=\"http:\/\/www.w3.org\/1999\/xlink\" aria-hidden=\"true\"><use href=\"#tf-ti-instagram\" xlink:href=\"#tf-ti-instagram\"><\/use><\/svg><\/em>\n\t\t\t\t\t\t\t\t\t\t\t\t\t\t\t\t\t\t\t<span>Instagram<\/span>\n\t\t\t\t\t\t\t\t\t\t\t\t\t\t\t\t\t<\/a>\n\t\t\t\t\t<\/div>\n\t<\/div>\n<!-- \/module icon -->\n        <\/div>\n                    <\/div>\n                <\/div>\n                        <\/div>\n        <\/div>\n                        <div  data-lazy=\"1\" class=\"module_row themify_builder_row tb_lppw201 tf_w\">\n                        <div class=\"row_inner col_align_top tb_col_count_1 tf_box tf_rel\">\n                        <div  data-lazy=\"1\" class=\"module_column tb-column col-full tb_mdi6203 first\">\n                    <!-- module image -->\n<div  class=\"module module-image tb_lfng927 image-top   tf_mw\" data-lazy=\"1\">\n        <div class=\"image-wrap tf_rel tf_mw\">\n            <img loading=\"lazy\" decoding=\"async\" src=\"http:\/\/wildriver.pl\/wp-content\/uploads\/2022\/05\/map.jpg\" width=\"1160\" height=\"522\" title=\"Kontakt\" alt=\"Kontakt\">    \n        <\/div>\n    <!-- \/image-wrap -->\n    \n        <\/div>\n<!-- \/module image -->        <\/div>\n                        <\/div>\n        <\/div>\n                        <div  data-lazy=\"1\" class=\"module_row themify_builder_row tb_vz1v844 tf_w\">\n                        <div class=\"row_inner col_align_top tb_col_count_1 tf_box tf_rel\">\n                        <div  data-lazy=\"1\" class=\"module_column tb-column col-full tb_u3io845 first\">\n                    <!-- module fancy heading -->\n<div  class=\"module module-fancy-heading tb_ulhh160 \" data-lazy=\"1\">\n        <h3 class=\"fancy-heading tf_textc\">\n    <span class=\"main-head tf_block\">\n                    Zostaw wiadomo\u015b\u0107            <\/span>\n\n    \n    <span class=\"sub-head tf_block tf_rel\">\n                    Je\u017celi nie odpowiadamy od razu, prawdopodobnie jeste\u015bmy nad rzek\u0105. B\u0105d\u017a jednak pewny, \u017ce \u017cadna wiadomo\u015b\u0107 nie pozostanie bez odpowiedzi            <\/span>\n    <\/h3>\n<\/div>\n<!-- \/module fancy heading -->\n<!-- module buttons -->\n<div  class=\"module module-buttons tb_fcrq37 buttons-horizontal solid \" data-lazy=\"1\">\n        <div class=\"module-buttons-item tf_in_flx\">\n                        <a href=\"https:\/\/wildriver.pl\/index.php\/formularz-kontaktowy\/\" class=\"ui builder_button tf_in_flx orange\" >\n                                                ZOSTAW WIADOMO\u015a\u0106                                        <\/a>\n                <\/div>\n            <\/div>\n<!-- \/module buttons -->\n        <\/div>\n                        <\/div>\n        <\/div>\n        <\/div>\n<!--\/themify_builder_content-->","protected":false},"excerpt":{"rendered":"<p>KONTAKT \u00a0 Dane kontaktowe telefon +48 570 460 219 Email info@wildriver.pl Social Media Facebook Instagram Zostaw wiadomo\u015b\u0107Je\u017celi nie odpowiadamy od razu, prawdopodobnie jeste\u015bmy nad rzek\u0105. B\u0105d\u017a jednak pewny, \u017ce \u017cadna wiadomo\u015b\u0107 nie pozostanie bez odpowiedzi ZOSTAW WIADOMO\u015a\u0106<\/p>\n","protected":false},"author":1,"featured_media":0,"parent":29,"menu_order":0,"comment_status":"closed","ping_status":"closed","template":"","meta":{"footnotes":""},"class_list":["post-28","page","type-page","status-publish","hentry","has-post-title","has-post-date","has-post-category","has-post-tag","has-post-comment","has-post-author",""],"builder_content":"<h1>KONTAKT<\/h1>\n<h3>\u00a0<\/h3>\n<h3>Dane kontaktowe<\/h3>\n\n<h3>telefon<\/h3>\n\n<em style=\"color:#ff9600\" ><svg xmlns:xlink=\"http:\/\/www.w3.org\/1999\/xlink\" aria-hidden=\"true\"><use href=\"#tf-ti-mobile\" xlink:href=\"#tf-ti-mobile\"><\/use><\/svg><\/em> +48 570 460 219\n<h3>Email<\/h3>\n<a href=\"mailto:%20info@wildriver.pl\"> <em style=\"color:#ff9600\" ><svg xmlns:xlink=\"http:\/\/www.w3.org\/1999\/xlink\" aria-hidden=\"true\"><use href=\"#tf-ti-email\" xlink:href=\"#tf-ti-email\"><\/use><\/svg><\/em> info@wildriver.pl <\/a>\n<h3>Social Media<\/h3>\n<a href=\"https:\/\/www.facebook.com\/wildriverpl\/\"> <em ><svg xmlns:xlink=\"http:\/\/www.w3.org\/1999\/xlink\" aria-hidden=\"true\"><use href=\"#tf-ti-facebook\" xlink:href=\"#tf-ti-facebook\"><\/use><\/svg><\/em> Facebook <\/a> <a href=\"https:\/\/www.instagram.com\/wildriverpl\/\"> <em ><svg xmlns:xlink=\"http:\/\/www.w3.org\/1999\/xlink\" aria-hidden=\"true\"><use href=\"#tf-ti-instagram\" xlink:href=\"#tf-ti-instagram\"><\/use><\/svg><\/em> Instagram <\/a>\n<img src=\"http:\/\/wildriver.pl\/wp-content\/uploads\/2022\/05\/map.jpg\" width=\"1160\" height=\"522\" title=\"Kontakt\" alt=\"Kontakt\">\n<h3>Zostaw wiadomo\u015b\u0107<br\/>Je\u017celi nie odpowiadamy od razu, prawdopodobnie jeste\u015bmy nad rzek\u0105. B\u0105d\u017a jednak pewny, \u017ce \u017cadna wiadomo\u015b\u0107 nie pozostanie bez odpowiedzi<\/h3>\n<a href=\"https:\/\/wildriver.pl\/index.php\/formularz-kontaktowy\/\" > ZOSTAW WIADOMO\u015a\u0106 <\/a>","_links":{"self":[{"href":"https:\/\/wildriver.pl\/index.php\/wp-json\/wp\/v2\/pages\/28","targetHints":{"allow":["GET"]}}],"collection":[{"href":"https:\/\/wildriver.pl\/index.php\/wp-json\/wp\/v2\/pages"}],"about":[{"href":"https:\/\/wildriver.pl\/index.php\/wp-json\/wp\/v2\/types\/page"}],"author":[{"embeddable":true,"href":"https:\/\/wildriver.pl\/index.php\/wp-json\/wp\/v2\/users\/1"}],"replies":[{"embeddable":true,"href":"https:\/\/wildriver.pl\/index.php\/wp-json\/wp\/v2\/comments?post=28"}],"version-history":[{"count":19,"href":"https:\/\/wildriver.pl\/index.php\/wp-json\/wp\/v2\/pages\/28\/revisions"}],"predecessor-version":[{"id":940,"href":"https:\/\/wildriver.pl\/index.php\/wp-json\/wp\/v2\/pages\/28\/revisions\/940"}],"up":[{"embeddable":true,"href":"https:\/\/wildriver.pl\/index.php\/wp-json\/wp\/v2\/pages\/29"}],"wp:attachment":[{"href":"https:\/\/wildriver.pl\/index.php\/wp-json\/wp\/v2\/media?parent=28"}],"curies":[{"name":"wp","href":"https:\/\/api.w.org\/{rel}","templated":true}]}}