{"id":1797,"date":"2023-05-18T07:19:12","date_gmt":"2023-05-18T05:19:12","guid":{"rendered":"https:\/\/wildriver.pl\/?page_id=1797"},"modified":"2023-05-18T10:27:08","modified_gmt":"2023-05-18T08:27:08","slug":"dziki-w-warszawie","status":"publish","type":"page","link":"https:\/\/wildriver.pl\/index.php\/home\/safari-po-polsku-czyli-obserwowanie-dzikich-zwierzat\/dziki-w-warszawie\/","title":{"rendered":"Dziki w Warszawie"},"content":{"rendered":"<!--themify_builder_content-->\n<div id=\"themify_builder_content-1797\" data-postid=\"1797\" class=\"themify_builder_content themify_builder_content-1797 themify_builder tf_clear\">\n                    <div  data-lazy=\"1\" class=\"module_row themify_builder_row tb_0v6b287 tb_first tf_w\">\n            <span  class=\"builder_row_cover tf_abs\" data-lazy=\"1\"><\/span>            <div class=\"row_inner col_align_top tb_col_count_2 tf_box tf_rel\">\n                        <div  data-lazy=\"1\" class=\"module_column tb-column col3-2 tb_35nu287 first\">\n                            <\/div>\n                    <div  data-lazy=\"1\" class=\"module_column tb-column col3-1 tb_movg287 last\">\n                            <\/div>\n                        <\/div>\n        <\/div>\n                        <div  data-lazy=\"1\" class=\"module_row themify_builder_row tb_7th3597 tf_w\">\n            <span  class=\"builder_row_cover tf_abs\" data-lazy=\"1\"><\/span>            <div class=\"row_inner col_align_top tb_col_count_1 tf_box tf_rel\">\n                        <div  data-lazy=\"1\" class=\"module_column tb-column col-full tb_f447597 first\">\n                    <!-- module text -->\n<div  class=\"module module-text tb_e2q7345  repeat \" data-lazy=\"1\">\n        <div  class=\"tb_text_wrap\">\n        <h1 style=\"text-align: left;\"><span style=\"color: #ffffff;\">DZIKI W WARSZAWIE &#8211; WYPRAWA WIECZORNA<\/span><\/h1>    <\/div>\n<\/div>\n<!-- \/module text -->        <\/div>\n                        <\/div>\n        <\/div>\n                        <div  data-lazy=\"1\" class=\"module_row themify_builder_row tb_65y0911 tf_w\">\n            <span  class=\"builder_row_cover tf_abs\" data-lazy=\"1\"><\/span>            <div class=\"row_inner col_align_top tb_col_count_1 tf_box tf_rel\">\n                        <div  data-lazy=\"1\" class=\"module_column tb-column col-full tb_gov1912 first\">\n                    <!-- module text -->\n<div  class=\"module module-text tb_c5zm912  repeat \" data-lazy=\"1\">\n        <div  class=\"tb_text_wrap\">\n        <h1 style=\"text-align: left;\">\u00a0<\/h1>    <\/div>\n<\/div>\n<!-- \/module text -->        <\/div>\n                        <\/div>\n        <\/div>\n                        <div  data-css_id=\"s2qe644\" data-lazy=\"1\" class=\"module_row themify_builder_row fullwidth_row_container tb_s2qe644 tf_w\">\n                        <div class=\"row_inner col_auto_height gutter-none direction_rtl col_align_bottom tb_col_count_1 tf_box tf_rel\">\n                        <div  data-lazy=\"1\" class=\"module_column tb-column col-full tb_2s3j644 first\">\n                            <div  data-lazy=\"1\" class=\"module_subrow themify_builder_sub_row tf_w gutter-none col_align_middle tb_col_count_2 tb_it5v644\">\n                <div  data-lazy=\"1\" class=\"module_column sub_column col2-1 tb_gbo8644 first\">\n                    <!-- module image -->\n<div  class=\"module module-image tb_nuy6645 image-center   tf_mw\" data-lazy=\"1\" data-lax-translate-y=\"(vh*0.7) 0,(vh*0) -70\" data-lax=\"true\">\n        <div class=\"image-wrap tf_rel tf_mw\">\n            <img loading=\"lazy\" decoding=\"async\" src=\"https:\/\/wildriver.pl\/wp-content\/uploads\/2023\/05\/dzik-03-600x750.jpg\" width=\"600\" height=\"750\" class=\"wp-post-image wp-image-1806\" title=\"dzik-03\" alt=\"dzik-03\" srcset=\"https:\/\/wildriver.pl\/wp-content\/uploads\/2023\/05\/dzik-03.jpg 600w, https:\/\/wildriver.pl\/wp-content\/uploads\/2023\/05\/dzik-03-240x300.jpg 240w\" sizes=\"auto, (max-width: 600px) 100vw, 600px\" \/>    \n        <\/div>\n    <!-- \/image-wrap -->\n    \n        <\/div>\n<!-- \/module image -->        <\/div>\n                    <div  data-lazy=\"1\" class=\"module_column sub_column col2-1 tb_ep8d645 last\">\n                    <!-- module text -->\n<div  class=\"module module-text tb_qktu645  repeat \" data-lazy=\"1\">\n        <div  class=\"tb_text_wrap\">\n        <h3>W skr\u00f3cie o dzikach<\/h3>\n<p>Dziki to dzikie zwierz\u0119ta z rodziny \u015bwiniowatych &#8211; s\u0105 blisko spokrewnione ze \u015bwini\u0105 domow\u0105. Maj\u0105 zwart\u0105 sylwetk\u0119 i silne cia\u0142o pokryte brunatn\u0105 lub czarn\u0105 szczecin\u0105, chroni\u0105c\u0105 przed zimnem i urazami. Samce maj\u0105 charakterystyczne te\u017c d\u0142ugie k\u0142y, zwane szablami i fajkami, kt\u00f3rymi potrafi\u0105 si\u0119 broni\u0107 przed drapie\u017cnikami i rywalami.\u00a0<\/p>\n<p>Dziki mog\u0105 osi\u0105ga\u0107 wag\u0119 nawet 350 kg i d\u0142ugo\u015b\u0107 ponad 1,5 m. \u017byj\u0105 w stadach sk\u0142adaj\u0105cych si\u0119 z loch i m\u0142odych. Ody\u0144ce, czyli samce, s\u0105 samotnikami i do\u0142\u0105czaj\u0105 do stad tylko w okresie godowym, kt\u00f3ry trwa od listopada do lutego. S\u0105 wszystko\u017cerne i potrafi\u0105 znale\u017a\u0107 po\u017cywienie zar\u00f3wno na l\u0105dzie, jak i w wodzie. Ryj\u0105 ziemi\u0119 swoim silnym nosem, szukaj\u0105c bulw, korzeni, grzyb\u00f3w i owad\u00f3w. Jedz\u0105 te\u017c owoce, zbo\u017ca, orzechy i \u017co\u0142\u0119dzie. Nie gardz\u0105 r\u00f3wnie\u017c padlin\u0105 i drobnymi zwierz\u0119tami. Dziki s\u0105 bardzo inteligentne i sprytne. Potrafi\u0105 dostosowa\u0107 si\u0119 do r\u00f3\u017cnych warunk\u00f3w \u015brodowiskowych i zmian klimatu. Wyst\u0119puj\u0105 na ca\u0142ym obszarze Polski oraz w wi\u0119kszo\u015bci kraj\u00f3w Europy, Azji i Afryki P\u00f3\u0142nocnej.<\/p>    <\/div>\n<\/div>\n<!-- \/module text -->        <\/div>\n                    <\/div>\n                <div  data-lazy=\"1\" class=\"module_subrow themify_builder_sub_row tf_w gutter-none col_align_middle tb_col_count_2 tb_9dfp645\">\n                <div  data-lazy=\"1\" class=\"module_column sub_column col2-1 tb_yb8v645 first\">\n                    <!-- module text -->\n<div  class=\"module module-text tb_dv1e645  repeat \" data-lazy=\"1\">\n        <div  class=\"tb_text_wrap\">\n        <h3>Gdzie mo\u017cemy zobaczy\u0107 dziki?<\/h3>\n<p>Dziki to zwierz\u0119ta \u017cyj\u0105ce w lasach i na polach, lubi\u0105 przebywa\u0107 w g\u0119stych lasach li\u015bciastych i mieszanych, gdzie znajduj\u0105 schronienie i po\u017cywienie. Ceni\u0105 tak\u017ce blisko\u015b\u0107 wody, bagniste tereny, potrafi\u0105 jednak dostosowa\u0107 si\u0119 do r\u00f3\u017cnych warunk\u00f3w \u015brodowiskowych. Z<span style=\"font-size: 1em;\">e wzgl\u0119du na presj\u0119 ludzk\u0105 i zmiany klimatu, dziki coraz cz\u0119\u015bciej podchodz\u0105 do siedzib ludzkich w poszukiwaniu jedzenia i wody.<\/span><\/p>\n<p><span style=\"font-size: 1em;\">Jednym z takich miejsc jest Warszawa, gdzie dziki s\u0105 cz\u0119sto widywane na obrze\u017cach miasta. Dziki przychodz\u0105 do Warszawy g\u0142\u00f3wnie z Puszczy Kampinoskiej, kt\u00f3ra jest ich naturalnym siedliskiem &#8211; przemieszczaj\u0105 si\u0119 g\u0142\u00f3wnie nocami, korzystaj\u0105c z korytarzy ekologicznych i przej\u015b\u0107 dla zwierz\u0105t. Dziki regularnie odwiedzaj\u0105 m.in. parki, ogrody dzia\u0142kowe, wysypiska \u015bmieci i pola uprawne. Cz\u0119\u015b\u0107 w\u0119druj\u0105cych dzik\u00f3w osiedli\u0142a si\u0119 na sta\u0142e w Warszawie i tworzy stada licz\u0105ce nawet kilkadziesi\u0105t osobnik\u00f3w.<\/span><\/p>    <\/div>\n<\/div>\n<!-- \/module text -->        <\/div>\n                    <div  data-lazy=\"1\" class=\"module_column sub_column col2-1 tb_lf0p645 last\">\n                    <!-- module image -->\n<div  class=\"module module-image tb_vyrg645 image-center   tf_mw\" data-lazy=\"1\" data-lax-translate-y=\"(vh*0.7) 0,(vh*0) -70\" data-lax=\"true\">\n        <div class=\"image-wrap tf_rel tf_mw\">\n            <img loading=\"lazy\" decoding=\"async\" src=\"https:\/\/wildriver.pl\/wp-content\/uploads\/2023\/05\/Dzik-02-600x428.jpg\" width=\"600\" height=\"428\" class=\"wp-post-image wp-image-1807\" title=\"Dzik-02\" alt=\"Dzik-02\" srcset=\"https:\/\/wildriver.pl\/wp-content\/uploads\/2023\/05\/Dzik-02-600x428.jpg 600w, https:\/\/wildriver.pl\/wp-content\/uploads\/2023\/05\/Dzik-02-300x214.jpg 300w, https:\/\/wildriver.pl\/wp-content\/uploads\/2023\/05\/Dzik-02.jpg 750w\" sizes=\"auto, (max-width: 600px) 100vw, 600px\" \/>    \n        <\/div>\n    <!-- \/image-wrap -->\n    \n        <\/div>\n<!-- \/module image -->        <\/div>\n                    <\/div>\n                <\/div>\n                        <\/div>\n        <\/div>\n                        <div  data-lazy=\"1\" class=\"module_row themify_builder_row tb_th2f757 tf_w\">\n                        <div class=\"row_inner col_align_middle tb_col_count_2 tf_box tf_rel\">\n                        <div  data-lazy=\"1\" class=\"module_column tb-column col4-2 tb_q5b9758 first\">\n                    <!-- module text -->\n<div  class=\"module module-text tb_3423758   \" data-lazy=\"1\">\n        <div  class=\"tb_text_wrap\">\n        <h1>Wyprawa na dziki na obrze\u017cach Warszawy &#8211; czy warto?<\/h1>    <\/div>\n<\/div>\n<!-- \/module text --><!-- module text -->\n<div  class=\"module module-text tb_mhxn758   \" data-lazy=\"1\">\n        <div  class=\"tb_text_wrap\">\n        <p>Zapraszamy Ci\u0119 na niezapomnian\u0105 przygod\u0119, podczas kt\u00f3rej b\u0119dziesz m\u00f3g\u0142 zobaczy\u0107 dziki w naturalnym \u015brodowisku.<\/p>\n<p>Warszawska, wieczorna wyprawa na dzikito idealne rozwi\u0105zanie dla mi\u0142o\u015bnik\u00f3w przyrody odwiedzaj\u0105cych Warszaw\u0119 i dysponuj\u0105cych ograniczonym czasem lub te\u017c \u015bwietne rozpocz\u0119cie przygody z obserwowaniem zwierz\u0105t i \u015bwiata przyrody dla Warszawiak\u00f3w &#8211; np. dla rodzic\u00f3w z dzie\u0107mi.<\/p>\n<p>Mimo, \u017ce dziki (zw\u0142aszcza ranne lub w poczuciu zagro\u017cenia, gdy chroni\u0105 warchlaki &#8211; dzicze dzieci) potrafi\u0105 by\u0107 niebezpieczne, nasza wyprawy z przewodnikiem realizowane s\u0105 zawsze z samochodu zapewniaj\u0105cego komfort i bezpiecze\u0144stwo. Nasza wyprawy odbywaj\u0105 si\u0119 w godzinach wieczornych, kiedy dziki opuszczaj\u0105 g\u0119stwin\u0119 i wychodz\u0105 na \u017cer, cz\u0119sto na pola i trawniki bezpo\u015brednio przy domach i drogach.<\/p>\n<p>Odwiedzamy lokalizacje, w kt\u00f3rych dziki pojawiaj\u0105 si\u0119 regularnie i wydywane s\u0105 niemal codziennie. Zapraszamy do bezposredniego kontaktu!<\/p>    <\/div>\n<\/div>\n<!-- \/module text --><!-- module buttons -->\n<div  class=\"module module-buttons tb_6eo0758 buttons-horizontal solid  large squared\" data-lazy=\"1\">\n        <div class=\"module-buttons-item tf_in_flx\">\n                        <a href=\"https:\/\/wildriver.pl\/index.php\/formularz-kontaktowy\/\" class=\"ui builder_button tf_in_flx orange\" >\n                                                ZAPYTAJ O OFERT\u0118                                        <\/a>\n                <\/div>\n            <\/div>\n<!-- \/module buttons -->\n        <\/div>\n                    <div  data-lazy=\"1\" class=\"module_column tb-column col4-2 tb_fgoy758 last\">\n                    <!-- module image -->\n<div  class=\"module module-image tb_8tmy758 image-top   tf_mw\" data-lazy=\"1\" data-lax-translate-y=\"(vh*0.7) 0,(vh*0) -70\" data-lax=\"true\">\n        <div class=\"image-wrap tf_rel tf_mw\">\n            <img loading=\"lazy\" decoding=\"async\" src=\"https:\/\/wildriver.pl\/wp-content\/uploads\/2023\/05\/Dzik-01-500x625.jpg\" width=\"500\" height=\"625\" class=\"wp-post-image wp-image-1808\" title=\"Dzik-01\" alt=\"Dzik-01\" srcset=\"https:\/\/wildriver.pl\/wp-content\/uploads\/2023\/05\/Dzik-01-500x625.jpg 500w, https:\/\/wildriver.pl\/wp-content\/uploads\/2023\/05\/Dzik-01-240x300.jpg 240w, https:\/\/wildriver.pl\/wp-content\/uploads\/2023\/05\/Dzik-01.jpg 600w\" sizes=\"auto, (max-width: 500px) 100vw, 500px\" \/>    \n        <\/div>\n    <!-- \/image-wrap -->\n    \n        <\/div>\n<!-- \/module image -->        <div  data-lazy=\"1\" class=\"module_subrow themify_builder_sub_row tf_w col_align_top tb_col_count_1 tb_zvam670\">\n                <div  data-lazy=\"1\" class=\"module_column sub_column col-full tb_qadd670 first\">\n                            <\/div>\n                    <\/div>\n        <!-- module text -->\n<div  class=\"module module-text tb_6rvs680   \" data-lazy=\"1\">\n        <div  class=\"tb_text_wrap\">\n            <\/div>\n<\/div>\n<!-- \/module text -->        <\/div>\n                        <\/div>\n        <\/div>\n                        <div  data-lazy=\"1\" class=\"module_row themify_builder_row tb_j51y883 tf_w\">\n                        <div class=\"row_inner col_align_top tb_col_count_1 tf_box tf_rel\">\n                        <div  data-lazy=\"1\" class=\"module_column tb-column col-full tb_t77j884 first\">\n                    <!-- module text -->\n<div  class=\"module module-text tb_r9gg89   \" data-lazy=\"1\">\n        <div  class=\"tb_text_wrap\">\n            <\/div>\n<\/div>\n<!-- \/module text -->        <\/div>\n                        <\/div>\n        <\/div>\n                        <div  data-lazy=\"1\" class=\"module_row themify_builder_row tb_98ne827 tf_w\">\n                        <div class=\"row_inner col_align_top tb_col_count_1 tf_box tf_rel\">\n                        <div  data-lazy=\"1\" class=\"module_column tb-column col-full tb_0klo828 first\">\n                    <!-- module text -->\n<div  class=\"module module-text tb_9jju308  repeat \" data-lazy=\"1\">\n        <div  class=\"tb_text_wrap\">\n        <p><strong>Zobacz tak\u017ce:<\/strong><\/p>\n<p>&#8211;\u00a0<a href=\"https:\/\/wildriver.pl\/index.php\/home\/safari-po-polsku-czyli-obserwowanie-dzikich-zwierzat\/obserwowanie-ptakow\/\">Bird-watching nad Wis\u0142a i\/lub Narwi\u0105\u00a0<\/a><\/p>\n<p>&#8211;\u00a0<a href=\"https:\/\/wildriver.pl\/index.php\/home\/safari-po-polsku-czyli-obserwowanie-dzikich-zwierzat\/tropienie-zubrow\/\">Tropienie \u017cubr\u00f3w w Puszczy Bia\u0142owieskiej<\/a><\/p>\n<div>\u00a0<\/div>    <\/div>\n<\/div>\n<!-- \/module text -->        <\/div>\n                        <\/div>\n        <\/div>\n        <\/div>\n<!--\/themify_builder_content-->\n\n\n<p><\/p>","protected":false},"excerpt":{"rendered":"<p>DZIKI W WARSZAWIE &#8211; WYPRAWA WIECZORNA \u00a0 W skr\u00f3cie o dzikach Dziki to dzikie zwierz\u0119ta z rodziny \u015bwiniowatych &#8211; s\u0105 blisko spokrewnione ze \u015bwini\u0105 domow\u0105. Maj\u0105 zwart\u0105 sylwetk\u0119 i silne cia\u0142o pokryte brunatn\u0105 lub czarn\u0105 szczecin\u0105, chroni\u0105c\u0105 przed zimnem i urazami. Samce maj\u0105 charakterystyczne te\u017c d\u0142ugie k\u0142y, zwane szablami i fajkami, kt\u00f3rymi potrafi\u0105 si\u0119 broni\u0107 [&hellip;]<\/p>\n","protected":false},"author":1,"featured_media":0,"parent":1431,"menu_order":0,"comment_status":"closed","ping_status":"closed","template":"","meta":{"footnotes":""},"class_list":["post-1797","page","type-page","status-publish","hentry","has-post-title","has-post-date","has-post-category","has-post-tag","has-post-comment","has-post-author",""],"builder_content":"<h1 style=\"text-align: left;\">DZIKI W WARSZAWIE - WYPRAWA WIECZORNA<\/h1>\n<h1 style=\"text-align: left;\">\u00a0<\/h1>\n<img src=\"https:\/\/wildriver.pl\/wp-content\/uploads\/2023\/05\/dzik-03-600x750.jpg\" width=\"600\" height=\"750\" title=\"dzik-03\" alt=\"dzik-03\" srcset=\"https:\/\/wildriver.pl\/wp-content\/uploads\/2023\/05\/dzik-03.jpg 600w, https:\/\/wildriver.pl\/wp-content\/uploads\/2023\/05\/dzik-03-240x300.jpg 240w\" sizes=\"(max-width: 600px) 100vw, 600px\" \/>\n<h3>W skr\u00f3cie o dzikach<\/h3> <p>Dziki to dzikie zwierz\u0119ta z rodziny \u015bwiniowatych - s\u0105 blisko spokrewnione ze \u015bwini\u0105 domow\u0105. Maj\u0105 zwart\u0105 sylwetk\u0119 i silne cia\u0142o pokryte brunatn\u0105 lub czarn\u0105 szczecin\u0105, chroni\u0105c\u0105 przed zimnem i urazami. Samce maj\u0105 charakterystyczne te\u017c d\u0142ugie k\u0142y, zwane szablami i fajkami, kt\u00f3rymi potrafi\u0105 si\u0119 broni\u0107 przed drapie\u017cnikami i rywalami.\u00a0<\/p> <p>Dziki mog\u0105 osi\u0105ga\u0107 wag\u0119 nawet 350 kg i d\u0142ugo\u015b\u0107 ponad 1,5 m. \u017byj\u0105 w stadach sk\u0142adaj\u0105cych si\u0119 z loch i m\u0142odych. Ody\u0144ce, czyli samce, s\u0105 samotnikami i do\u0142\u0105czaj\u0105 do stad tylko w okresie godowym, kt\u00f3ry trwa od listopada do lutego. S\u0105 wszystko\u017cerne i potrafi\u0105 znale\u017a\u0107 po\u017cywienie zar\u00f3wno na l\u0105dzie, jak i w wodzie. Ryj\u0105 ziemi\u0119 swoim silnym nosem, szukaj\u0105c bulw, korzeni, grzyb\u00f3w i owad\u00f3w. Jedz\u0105 te\u017c owoce, zbo\u017ca, orzechy i \u017co\u0142\u0119dzie. Nie gardz\u0105 r\u00f3wnie\u017c padlin\u0105 i drobnymi zwierz\u0119tami. Dziki s\u0105 bardzo inteligentne i sprytne. Potrafi\u0105 dostosowa\u0107 si\u0119 do r\u00f3\u017cnych warunk\u00f3w \u015brodowiskowych i zmian klimatu. Wyst\u0119puj\u0105 na ca\u0142ym obszarze Polski oraz w wi\u0119kszo\u015bci kraj\u00f3w Europy, Azji i Afryki P\u00f3\u0142nocnej.<\/p>\n<h3>Gdzie mo\u017cemy zobaczy\u0107 dziki?<\/h3> <p>Dziki to zwierz\u0119ta \u017cyj\u0105ce w lasach i na polach, lubi\u0105 przebywa\u0107 w g\u0119stych lasach li\u015bciastych i mieszanych, gdzie znajduj\u0105 schronienie i po\u017cywienie. Ceni\u0105 tak\u017ce blisko\u015b\u0107 wody, bagniste tereny, potrafi\u0105 jednak dostosowa\u0107 si\u0119 do r\u00f3\u017cnych warunk\u00f3w \u015brodowiskowych. Ze wzgl\u0119du na presj\u0119 ludzk\u0105 i zmiany klimatu, dziki coraz cz\u0119\u015bciej podchodz\u0105 do siedzib ludzkich w poszukiwaniu jedzenia i wody.<\/p> <p>Jednym z takich miejsc jest Warszawa, gdzie dziki s\u0105 cz\u0119sto widywane na obrze\u017cach miasta. Dziki przychodz\u0105 do Warszawy g\u0142\u00f3wnie z Puszczy Kampinoskiej, kt\u00f3ra jest ich naturalnym siedliskiem - przemieszczaj\u0105 si\u0119 g\u0142\u00f3wnie nocami, korzystaj\u0105c z korytarzy ekologicznych i przej\u015b\u0107 dla zwierz\u0105t. Dziki regularnie odwiedzaj\u0105 m.in. parki, ogrody dzia\u0142kowe, wysypiska \u015bmieci i pola uprawne. Cz\u0119\u015b\u0107 w\u0119druj\u0105cych dzik\u00f3w osiedli\u0142a si\u0119 na sta\u0142e w Warszawie i tworzy stada licz\u0105ce nawet kilkadziesi\u0105t osobnik\u00f3w.<\/p>\n<img src=\"https:\/\/wildriver.pl\/wp-content\/uploads\/2023\/05\/Dzik-02-600x428.jpg\" width=\"600\" height=\"428\" title=\"Dzik-02\" alt=\"Dzik-02\" srcset=\"https:\/\/wildriver.pl\/wp-content\/uploads\/2023\/05\/Dzik-02-600x428.jpg 600w, https:\/\/wildriver.pl\/wp-content\/uploads\/2023\/05\/Dzik-02-300x214.jpg 300w, https:\/\/wildriver.pl\/wp-content\/uploads\/2023\/05\/Dzik-02.jpg 750w\" sizes=\"(max-width: 600px) 100vw, 600px\" \/>\n<h1>Wyprawa na dziki na obrze\u017cach Warszawy - czy warto?<\/h1>\n<p>Zapraszamy Ci\u0119 na niezapomnian\u0105 przygod\u0119, podczas kt\u00f3rej b\u0119dziesz m\u00f3g\u0142 zobaczy\u0107 dziki w naturalnym \u015brodowisku.<\/p> <p>Warszawska, wieczorna wyprawa na dzikito idealne rozwi\u0105zanie dla mi\u0142o\u015bnik\u00f3w przyrody odwiedzaj\u0105cych Warszaw\u0119 i dysponuj\u0105cych ograniczonym czasem lub te\u017c \u015bwietne rozpocz\u0119cie przygody z obserwowaniem zwierz\u0105t i \u015bwiata przyrody dla Warszawiak\u00f3w - np. dla rodzic\u00f3w z dzie\u0107mi.<\/p> <p>Mimo, \u017ce dziki (zw\u0142aszcza ranne lub w poczuciu zagro\u017cenia, gdy chroni\u0105 warchlaki - dzicze dzieci) potrafi\u0105 by\u0107 niebezpieczne, nasza wyprawy z przewodnikiem realizowane s\u0105 zawsze z samochodu zapewniaj\u0105cego komfort i bezpiecze\u0144stwo. Nasza wyprawy odbywaj\u0105 si\u0119 w godzinach wieczornych, kiedy dziki opuszczaj\u0105 g\u0119stwin\u0119 i wychodz\u0105 na \u017cer, cz\u0119sto na pola i trawniki bezpo\u015brednio przy domach i drogach.<\/p> <p>Odwiedzamy lokalizacje, w kt\u00f3rych dziki pojawiaj\u0105 si\u0119 regularnie i wydywane s\u0105 niemal codziennie. Zapraszamy do bezposredniego kontaktu!<\/p>\n<a href=\"https:\/\/wildriver.pl\/index.php\/formularz-kontaktowy\/\" > ZAPYTAJ O OFERT\u0118 <\/a>\n<img src=\"https:\/\/wildriver.pl\/wp-content\/uploads\/2023\/05\/Dzik-01-500x625.jpg\" width=\"500\" height=\"625\" title=\"Dzik-01\" alt=\"Dzik-01\" srcset=\"https:\/\/wildriver.pl\/wp-content\/uploads\/2023\/05\/Dzik-01-500x625.jpg 500w, https:\/\/wildriver.pl\/wp-content\/uploads\/2023\/05\/Dzik-01-240x300.jpg 240w, https:\/\/wildriver.pl\/wp-content\/uploads\/2023\/05\/Dzik-01.jpg 600w\" sizes=\"(max-width: 500px) 100vw, 500px\" \/>\n\n\n<p><strong>Zobacz tak\u017ce:<\/strong><\/p> <p>-\u00a0<a href=\"https:\/\/wildriver.pl\/index.php\/home\/safari-po-polsku-czyli-obserwowanie-dzikich-zwierzat\/obserwowanie-ptakow\/\">Bird-watching nad Wis\u0142a i\/lub Narwi\u0105\u00a0<\/a><\/p> <p>-\u00a0<a href=\"https:\/\/wildriver.pl\/index.php\/home\/safari-po-polsku-czyli-obserwowanie-dzikich-zwierzat\/tropienie-zubrow\/\">Tropienie \u017cubr\u00f3w w Puszczy Bia\u0142owieskiej<\/a><\/p> \u00a0","_links":{"self":[{"href":"https:\/\/wildriver.pl\/index.php\/wp-json\/wp\/v2\/pages\/1797","targetHints":{"allow":["GET"]}}],"collection":[{"href":"https:\/\/wildriver.pl\/index.php\/wp-json\/wp\/v2\/pages"}],"about":[{"href":"https:\/\/wildriver.pl\/index.php\/wp-json\/wp\/v2\/types\/page"}],"author":[{"embeddable":true,"href":"https:\/\/wildriver.pl\/index.php\/wp-json\/wp\/v2\/users\/1"}],"replies":[{"embeddable":true,"href":"https:\/\/wildriver.pl\/index.php\/wp-json\/wp\/v2\/comments?post=1797"}],"version-history":[{"count":11,"href":"https:\/\/wildriver.pl\/index.php\/wp-json\/wp\/v2\/pages\/1797\/revisions"}],"predecessor-version":[{"id":1820,"href":"https:\/\/wildriver.pl\/index.php\/wp-json\/wp\/v2\/pages\/1797\/revisions\/1820"}],"up":[{"embeddable":true,"href":"https:\/\/wildriver.pl\/index.php\/wp-json\/wp\/v2\/pages\/1431"}],"wp:attachment":[{"href":"https:\/\/wildriver.pl\/index.php\/wp-json\/wp\/v2\/media?parent=1797"}],"curies":[{"name":"wp","href":"https:\/\/api.w.org\/{rel}","templated":true}]}}