{"id":1396,"date":"2023-01-11T22:37:59","date_gmt":"2023-01-11T21:37:59","guid":{"rendered":"https:\/\/wildriver.pl\/?page_id=1396"},"modified":"2025-03-14T22:42:07","modified_gmt":"2025-03-14T21:42:07","slug":"tropienie-zubrow","status":"publish","type":"page","link":"https:\/\/wildriver.pl\/index.php\/home\/safari-po-polsku-czyli-obserwowanie-dzikich-zwierzat\/tropienie-zubrow\/","title":{"rendered":"Tropienie \u017cubr\u00f3w &#8211; safari po polsku"},"content":{"rendered":"<!--themify_builder_content-->\n<div id=\"themify_builder_content-1396\" data-postid=\"1396\" class=\"themify_builder_content themify_builder_content-1396 themify_builder tf_clear\">\n                    <div  data-lazy=\"1\" class=\"module_row themify_builder_row tb_0v6b287 tb_first tf_w\">\n                        <div class=\"row_inner col_align_top tb_col_count_2 tf_box tf_rel\">\n                        <div  data-lazy=\"1\" class=\"module_column tb-column col3-2 tb_35nu287 first\">\n                            <\/div>\n                    <div  data-lazy=\"1\" class=\"module_column tb-column col3-1 tb_movg287 last\">\n                            <\/div>\n                        <\/div>\n        <\/div>\n                        <div  data-lazy=\"1\" class=\"module_row themify_builder_row tb_7th3597 tf_w\">\n            <span  class=\"builder_row_cover tf_abs\" data-lazy=\"1\"><\/span>            <div class=\"row_inner col_align_top tb_col_count_1 tf_box tf_rel\">\n                        <div  data-lazy=\"1\" class=\"module_column tb-column col-full tb_f447597 first\">\n                    <!-- module text -->\n<div  class=\"module module-text tb_e2q7345  repeat \" data-lazy=\"1\">\n        <div  class=\"tb_text_wrap\">\n        <h1 style=\"text-align: left;\"><span style=\"color: #ffffff;\">TROPIENIE \u017bUBR\u00d3W &#8211; SAFARI PO POLSKU<\/span><\/h1>    <\/div>\n<\/div>\n<!-- \/module text -->        <\/div>\n                        <\/div>\n        <\/div>\n                        <div  data-lazy=\"1\" class=\"module_row themify_builder_row tb_65y0911 tf_w\">\n            <span  class=\"builder_row_cover tf_abs\" data-lazy=\"1\"><\/span>            <div class=\"row_inner col_align_top tb_col_count_1 tf_box tf_rel\">\n                        <div  data-lazy=\"1\" class=\"module_column tb-column col-full tb_gov1912 first\">\n                    <!-- module text -->\n<div  class=\"module module-text tb_c5zm912  repeat \" data-lazy=\"1\">\n        <div  class=\"tb_text_wrap\">\n        <h1 style=\"text-align: left;\">\u00a0<\/h1>    <\/div>\n<\/div>\n<!-- \/module text -->        <\/div>\n                        <\/div>\n        <\/div>\n                        <div  data-css_id=\"s2qe644\" data-lazy=\"1\" class=\"module_row themify_builder_row fullwidth_row_container tb_s2qe644 tf_w\">\n                        <div class=\"row_inner col_auto_height gutter-none direction_rtl col_align_bottom tb_col_count_1 tf_box tf_rel\">\n                        <div  data-lazy=\"1\" class=\"module_column tb-column col-full tb_2s3j644 first\">\n                            <div  data-lazy=\"1\" class=\"module_subrow themify_builder_sub_row tf_w gutter-none col_align_middle tb_col_count_2 tb_it5v644\">\n                <div  data-lazy=\"1\" class=\"module_column sub_column col2-1 tb_gbo8644 first\">\n                    <!-- module image -->\n<div  class=\"module module-image tb_nuy6645 image-center   tf_mw\" data-lazy=\"1\" data-lax-translate-y=\"(vh*0.7) 0,(vh*0) -70\" data-lax=\"true\">\n        <div class=\"image-wrap tf_rel tf_mw\">\n            <img loading=\"lazy\" decoding=\"async\" src=\"https:\/\/wildriver.pl\/wp-content\/uploads\/2023\/01\/WildRiver_Zubr-600x750.jpg\" width=\"600\" height=\"750\" class=\"wp-post-image wp-image-1382\" title=\"WildRiver_Zubr\" alt=\"WildRiver_Zubr\" srcset=\"https:\/\/wildriver.pl\/wp-content\/uploads\/2023\/01\/WildRiver_Zubr-600x750.jpg 600w, https:\/\/wildriver.pl\/wp-content\/uploads\/2023\/01\/WildRiver_Zubr-240x300.jpg 240w, https:\/\/wildriver.pl\/wp-content\/uploads\/2023\/01\/WildRiver_Zubr-768x960.jpg 768w, https:\/\/wildriver.pl\/wp-content\/uploads\/2023\/01\/WildRiver_Zubr-560x700.jpg 560w, https:\/\/wildriver.pl\/wp-content\/uploads\/2023\/01\/WildRiver_Zubr.jpg 800w\" sizes=\"auto, (max-width: 600px) 100vw, 600px\" \/>    \n        <\/div>\n    <!-- \/image-wrap -->\n    \n        <\/div>\n<!-- \/module image -->        <\/div>\n                    <div  data-lazy=\"1\" class=\"module_column sub_column col2-1 tb_ep8d645 last\">\n                    <!-- module text -->\n<div  class=\"module module-text tb_qktu645  repeat \" data-lazy=\"1\">\n        <div  class=\"tb_text_wrap\">\n        <h3>W skr\u00f3cie o \u017cubrach<\/h3>\n<p>\u017bubry to majestatyczne i zdecydowanie najwi\u0119ksze zwierz\u0119ta Europy. Doros\u0142y byk &#8211; samiec \u017cubra mo\u017ce wa\u017cy\u0107 nawet ton\u0119, a jego wysoko\u015b\u0107 w k\u0142\u0119bie mo\u017ce dochodzi\u0107 do 2 metr\u00f3w.<\/p>\n<p>S\u0105 zwierz\u0119tami ro\u015blino\u017aernymi. Ich g\u0142ownym pokarmem s\u0105 ro\u015bliny zielne oraz trawy, g\u0142\u00f3wnie porastaj\u0105ce \u015br\u00f3dle\u015bne polany lub oko\u0142ole\u015bne \u0142\u0105ki i pastwiska. Poza tym &#8211; zw\u0142aszcza poza okresem wegetacji &#8211; \u017cubry spo\u017cywaj\u0105 tak\u017ce kor\u0119 i p\u0119dy niekt\u00f3rych drzew i krzew\u00f3w.<\/p>\n<p>Mimo, \u017ce trudno podej\u015b\u0107 do nich na niewielk\u0105 odleg\u0142o\u015b\u0107 s\u0105 wspania\u0142ym obiektem do obserwacji, a ka\u017cde spotkanie z \u017cubrem zostaje w pami\u0119ci na d\u0142ugo.<\/p>\n<p>Wi\u0119cej o biologii i \u017cyciu \u017cubr\u00f3w mo\u017cecie dowiedzie\u0107 si\u0119 od naszych przewodnik\u00f3w podczas wyprawy, na kt\u00f3rej tropimy te przeki\u0119kne zwierz\u0119ta.<\/p>    <\/div>\n<\/div>\n<!-- \/module text -->        <\/div>\n                    <\/div>\n                <div  data-lazy=\"1\" class=\"module_subrow themify_builder_sub_row tf_w gutter-none col_align_middle tb_col_count_2 tb_9dfp645\">\n                <div  data-lazy=\"1\" class=\"module_column sub_column col2-1 tb_yb8v645 first\">\n                    <!-- module text -->\n<div  class=\"module module-text tb_dv1e645  repeat \" data-lazy=\"1\">\n        <div  class=\"tb_text_wrap\">\n        <h3>Gdzie mo\u017cemy zobaczy\u0107 \u017cubra?<\/h3>\n<p style=\"color: #808080; font-family: 'Public Sans', Arial, sans-serif; font-size: 16px; font-weight: 400; letter-spacing: normal;\">Po tym, jak na pocz\u0105tku XX wieku \u017cubry \u017cyj\u0105ce na wolno\u015bci wygin\u0119\u0142y w Polsce ich populacja zosta\u0142a odtworzona, a w ostatnich latach ich liczba systematycznie ro\u015bnie przekraczaj\u0105c w chwili obecnej 2000 sztuk. Obecnie kilkuosobnicze stada mo\u017cemy spotka\u0107 na Pomorzu, zachodzie i p\u00f3\u0142nocnym wschodzie Polski, ale wi\u0119ksze ilo\u015bci \u017cubr\u00f3w zyj\u0105 w Bieszczadach i przede wszystkim w Puszczy Bia\u0142owieskiej, dok\u0105d zapraszamy na nasze wyprawy.<\/p>\n<p style=\"color: #808080; font-family: 'Public Sans', Arial, sans-serif; font-size: 16px; font-weight: 400; letter-spacing: normal;\">Tropienie odbywa si\u0119 w dw\u00f3ch opcjach: polegaj\u0105cej na aktywnym szukaniu \u017cubr\u00f3w na le\u015bnych polanach i \u0142\u0105kach, na kt\u00f3re zwierz\u0119te wychodz\u0105 \u017cerowa\u0107 &#8211; najcz\u0119\u015bciej obje\u017cdzaj\u0105c je samochodem i podchodz\u0105c zwierz\u0119ta po ich znalezieniu, a tak\u017ce tropi\u0105c je w okolicach ich ostoi, gdzie mamy szanse zobaczy\u0107 dzikie \u017cubry w lesie.<\/p>\n<p style=\"color: #808080; font-family: 'Public Sans', Arial, sans-serif; font-size: 16px; font-weight: 400; letter-spacing: normal;\">Najciekawsze dla tropicieli, a jednocze\u015bnie najefektywniejsze jest po\u0142\u0105czenie obu metod.<\/p>    <\/div>\n<\/div>\n<!-- \/module text -->        <\/div>\n                    <div  data-lazy=\"1\" class=\"module_column sub_column col2-1 tb_lf0p645 last\">\n                    <!-- module image -->\n<div  class=\"module module-image tb_vyrg645 image-center   tf_mw\" data-lazy=\"1\" data-lax-translate-y=\"(vh*0.7) 0,(vh*0) -70\" data-lax=\"true\">\n        <div class=\"image-wrap tf_rel tf_mw\">\n            <img loading=\"lazy\" decoding=\"async\" src=\"https:\/\/wildriver.pl\/wp-content\/uploads\/2025\/03\/PC310743-600x750.jpg\" width=\"600\" height=\"750\" class=\"wp-post-image wp-image-1883\" title=\"PC310743\" alt=\"PC310743\" srcset=\"https:\/\/wildriver.pl\/wp-content\/uploads\/2025\/03\/PC310743-600x750.jpg 600w, https:\/\/wildriver.pl\/wp-content\/uploads\/2025\/03\/PC310743-240x300.jpg 240w, https:\/\/wildriver.pl\/wp-content\/uploads\/2025\/03\/PC310743-768x960.jpg 768w, https:\/\/wildriver.pl\/wp-content\/uploads\/2025\/03\/PC310743.jpg 800w\" sizes=\"auto, (max-width: 600px) 100vw, 600px\" \/>    \n        <\/div>\n    <!-- \/image-wrap -->\n    \n        <\/div>\n<!-- \/module image -->        <\/div>\n                    <\/div>\n                <\/div>\n                        <\/div>\n        <\/div>\n                        <div  data-lazy=\"1\" class=\"module_row themify_builder_row tb_th2f757 tf_w\">\n                        <div class=\"row_inner col_align_middle tb_col_count_2 tf_box tf_rel\">\n                        <div  data-lazy=\"1\" class=\"module_column tb-column col4-2 tb_q5b9758 first\">\n                    <!-- module text -->\n<div  class=\"module module-text tb_3423758   \" data-lazy=\"1\">\n        <div  class=\"tb_text_wrap\">\n        <h1>Safari w puszczy i tropienie \u017cubr\u00f3w w Puszczy Bia\u0142owieskiej &#8211; czy warto?<\/h1>    <\/div>\n<\/div>\n<!-- \/module text --><!-- module text -->\n<div  class=\"module module-text tb_mhxn758   \" data-lazy=\"1\">\n        <div  class=\"tb_text_wrap\">\n        <p>Zapraszamy na wyprawy do puszczy z przewodnikami WIld River.<\/p>\n<p>Podczas wyprawy przede wszystkim b\u0119dziemy razem obserwowa\u0107 dzikie \u017cubry, ale tak\u017ce nauczycie si\u0119 rozpoznawa\u0107 ich tropy, dowiedziecie si\u0119 gdzie i jak szuka\u0107 \u017cubr\u00f3w, jakie s\u0105 ich zwyczaje i biologia.<\/p>\n<p>Jednocze\u015bnie mamy du\u017ce szanse zobaczy\u0107 inne zwierz\u0119ta &#8211; przy okazji tropienia \u017cubr\u00f3w regularnie obserwujemy jelenie, sarny, dziki, lisy, \u0142osie, a przy wi\u0119kszej dozie szc\u017c\u0119\u015bcia tak\u017ce wilki. Obserwujemy te\u017c cz\u0119sto ptaki &#8211; kruki, myszo\u0142owy, jastrz\u0119bie, bieliki, \u017curawie i wiele innych.<\/p>\n<p>Specjalizujemy si\u0119 w indywidualnych, dedykowanych wyprawach rozpoczynaj\u0105cych si\u0119 bezpo\u015brednio w okolicach Puszczy Bia\u0142owieskiej lub te\u017c w Warszawie, sk\u0105d razem z naszymi go\u015bcmi jedziemy samochodem do Puszczy.<\/p>    <\/div>\n<\/div>\n<!-- \/module text --><!-- module buttons -->\n<div  class=\"module module-buttons tb_6eo0758 buttons-horizontal solid  large squared\" data-lazy=\"1\">\n        <div class=\"module-buttons-item tf_in_flx\">\n                        <a href=\"https:\/\/wildriver.pl\/index.php\/formularz-kontaktowy\/\" class=\"ui builder_button tf_in_flx orange\" >\n                                                ZAPYTAJ O OFERT\u0118                                        <\/a>\n                <\/div>\n            <\/div>\n<!-- \/module buttons -->\n        <\/div>\n                    <div  data-lazy=\"1\" class=\"module_column tb-column col4-2 tb_fgoy758 last\">\n                    <!-- module image -->\n<div  class=\"module module-image tb_8tmy758 image-top   tf_mw\" data-lazy=\"1\" data-lax-translate-y=\"(vh*0.7) 0,(vh*0) -70\" data-lax=\"true\">\n        <div class=\"image-wrap tf_rel tf_mw\">\n            <img loading=\"lazy\" decoding=\"async\" src=\"https:\/\/wildriver.pl\/wp-content\/uploads\/2023\/01\/WildRiver_Zubr01-500x625.jpg\" width=\"500\" height=\"625\" class=\"wp-post-image wp-image-1384\" title=\"WildRiver_Zubr01\" alt=\"WildRiver_Zubr01\" srcset=\"https:\/\/wildriver.pl\/wp-content\/uploads\/2023\/01\/WildRiver_Zubr01-500x625.jpg 500w, https:\/\/wildriver.pl\/wp-content\/uploads\/2023\/01\/WildRiver_Zubr01-240x300.jpg 240w, https:\/\/wildriver.pl\/wp-content\/uploads\/2023\/01\/WildRiver_Zubr01-768x960.jpg 768w, https:\/\/wildriver.pl\/wp-content\/uploads\/2023\/01\/WildRiver_Zubr01.jpg 800w\" sizes=\"auto, (max-width: 500px) 100vw, 500px\" \/>    \n        <\/div>\n    <!-- \/image-wrap -->\n    \n        <\/div>\n<!-- \/module image -->        <div  data-lazy=\"1\" class=\"module_subrow themify_builder_sub_row tf_w col_align_top tb_col_count_1 tb_zvam670\">\n                <div  data-lazy=\"1\" class=\"module_column sub_column col-full tb_qadd670 first\">\n                            <\/div>\n                    <\/div>\n        <!-- module text -->\n<div  class=\"module module-text tb_6rvs680   \" data-lazy=\"1\">\n        <div  class=\"tb_text_wrap\">\n            <\/div>\n<\/div>\n<!-- \/module text -->        <\/div>\n                        <\/div>\n        <\/div>\n                        <div  data-lazy=\"1\" class=\"module_row themify_builder_row tb_j51y883 tf_w\">\n                        <div class=\"row_inner col_align_top tb_col_count_1 tf_box tf_rel\">\n                        <div  data-lazy=\"1\" class=\"module_column tb-column col-full tb_t77j884 first\">\n                    <!-- module text -->\n<div  class=\"module module-text tb_r9gg89   \" data-lazy=\"1\">\n        <div  class=\"tb_text_wrap\">\n        <p>\u00a0<\/p>\n<p>\u00a0<\/p>    <\/div>\n<\/div>\n<!-- \/module text -->        <\/div>\n                        <\/div>\n        <\/div>\n                        <div  data-lazy=\"1\" class=\"module_row themify_builder_row tb_98ne827 tf_w\">\n                        <div class=\"row_inner col_align_top tb_col_count_1 tf_box tf_rel\">\n                        <div  data-lazy=\"1\" class=\"module_column tb-column col-full tb_0klo828 first\">\n                    <!-- module text -->\n<div  class=\"module module-text tb_9jju308  repeat \" data-lazy=\"1\">\n        <div  class=\"tb_text_wrap\">\n        <p><strong>Zobacz tak\u017ce:<\/strong><\/p>\n<p><a href=\"https:\/\/wildriver.pl\/index.php\/home\/safari-po-polsku-czyli-obserwowanie-dzikich-zwierzat\/wyprawa-na-losie-z-bagien-biebrzanskich\/\">&#8211; Wyprawa na biebrza\u0144skie \u0142osie<\/a><\/p>\n<p><a href=\"https:\/\/wildriver.pl\/index.php\/home\/safari-po-polsku-czyli-obserwowanie-dzikich-zwierzat\/obserwowanie-ptakow\/\">&#8211; Bird-watching nad Wis\u0142\u0105 i \/ lub Narwi\u0105<\/a><\/p>\n<div>\u00a0<\/div>    <\/div>\n<\/div>\n<!-- \/module text -->        <\/div>\n                        <\/div>\n        <\/div>\n        <\/div>\n<!--\/themify_builder_content-->\n\n\n<p><\/p>","protected":false},"excerpt":{"rendered":"<p>TROPIENIE \u017bUBR\u00d3W &#8211; SAFARI PO POLSKU \u00a0 W skr\u00f3cie o \u017cubrach \u017bubry to majestatyczne i zdecydowanie najwi\u0119ksze zwierz\u0119ta Europy. Doros\u0142y byk &#8211; samiec \u017cubra mo\u017ce wa\u017cy\u0107 nawet ton\u0119, a jego wysoko\u015b\u0107 w k\u0142\u0119bie mo\u017ce dochodzi\u0107 do 2 metr\u00f3w. S\u0105 zwierz\u0119tami ro\u015blino\u017aernymi. Ich g\u0142ownym pokarmem s\u0105 ro\u015bliny zielne oraz trawy, g\u0142\u00f3wnie porastaj\u0105ce \u015br\u00f3dle\u015bne polany lub oko\u0142ole\u015bne [&hellip;]<\/p>\n","protected":false},"author":1,"featured_media":0,"parent":1431,"menu_order":0,"comment_status":"closed","ping_status":"closed","template":"","meta":{"footnotes":""},"class_list":["post-1396","page","type-page","status-publish","hentry","has-post-title","has-post-date","has-post-category","has-post-tag","has-post-comment","has-post-author",""],"builder_content":"<h1 style=\"text-align: left;\">TROPIENIE \u017bUBR\u00d3W - SAFARI PO POLSKU<\/h1>\n<h1 style=\"text-align: left;\">\u00a0<\/h1>\n<img src=\"https:\/\/wildriver.pl\/wp-content\/uploads\/2023\/01\/WildRiver_Zubr-600x750.jpg\" width=\"600\" height=\"750\" title=\"WildRiver_Zubr\" alt=\"WildRiver_Zubr\" srcset=\"https:\/\/wildriver.pl\/wp-content\/uploads\/2023\/01\/WildRiver_Zubr-600x750.jpg 600w, https:\/\/wildriver.pl\/wp-content\/uploads\/2023\/01\/WildRiver_Zubr-240x300.jpg 240w, https:\/\/wildriver.pl\/wp-content\/uploads\/2023\/01\/WildRiver_Zubr-768x960.jpg 768w, https:\/\/wildriver.pl\/wp-content\/uploads\/2023\/01\/WildRiver_Zubr-560x700.jpg 560w, https:\/\/wildriver.pl\/wp-content\/uploads\/2023\/01\/WildRiver_Zubr.jpg 800w\" sizes=\"(max-width: 600px) 100vw, 600px\" \/>\n<h3>W skr\u00f3cie o \u017cubrach<\/h3> <p>\u017bubry to majestatyczne i zdecydowanie najwi\u0119ksze zwierz\u0119ta Europy. Doros\u0142y byk - samiec \u017cubra mo\u017ce wa\u017cy\u0107 nawet ton\u0119, a jego wysoko\u015b\u0107 w k\u0142\u0119bie mo\u017ce dochodzi\u0107 do 2 metr\u00f3w.<\/p> <p>S\u0105 zwierz\u0119tami ro\u015blino\u017aernymi. Ich g\u0142ownym pokarmem s\u0105 ro\u015bliny zielne oraz trawy, g\u0142\u00f3wnie porastaj\u0105ce \u015br\u00f3dle\u015bne polany lub oko\u0142ole\u015bne \u0142\u0105ki i pastwiska. Poza tym - zw\u0142aszcza poza okresem wegetacji - \u017cubry spo\u017cywaj\u0105 tak\u017ce kor\u0119 i p\u0119dy niekt\u00f3rych drzew i krzew\u00f3w.<\/p> <p>Mimo, \u017ce trudno podej\u015b\u0107 do nich na niewielk\u0105 odleg\u0142o\u015b\u0107 s\u0105 wspania\u0142ym obiektem do obserwacji, a ka\u017cde spotkanie z \u017cubrem zostaje w pami\u0119ci na d\u0142ugo.<\/p> <p>Wi\u0119cej o biologii i \u017cyciu \u017cubr\u00f3w mo\u017cecie dowiedzie\u0107 si\u0119 od naszych przewodnik\u00f3w podczas wyprawy, na kt\u00f3rej tropimy te przeki\u0119kne zwierz\u0119ta.<\/p>\n<h3>Gdzie mo\u017cemy zobaczy\u0107 \u017cubra?<\/h3> <p style=\"color: #808080; font-family: 'Public Sans', Arial, sans-serif; font-size: 16px; font-weight: 400; letter-spacing: normal;\">Po tym, jak na pocz\u0105tku XX wieku \u017cubry \u017cyj\u0105ce na wolno\u015bci wygin\u0119\u0142y w Polsce ich populacja zosta\u0142a odtworzona, a w ostatnich latach ich liczba systematycznie ro\u015bnie przekraczaj\u0105c w chwili obecnej 2000 sztuk. Obecnie kilkuosobnicze stada mo\u017cemy spotka\u0107 na Pomorzu, zachodzie i p\u00f3\u0142nocnym wschodzie Polski, ale wi\u0119ksze ilo\u015bci \u017cubr\u00f3w zyj\u0105 w Bieszczadach i przede wszystkim w Puszczy Bia\u0142owieskiej, dok\u0105d zapraszamy na nasze wyprawy.<\/p> <p style=\"color: #808080; font-family: 'Public Sans', Arial, sans-serif; font-size: 16px; font-weight: 400; letter-spacing: normal;\">Tropienie odbywa si\u0119 w dw\u00f3ch opcjach: polegaj\u0105cej na aktywnym szukaniu \u017cubr\u00f3w na le\u015bnych polanach i \u0142\u0105kach, na kt\u00f3re zwierz\u0119te wychodz\u0105 \u017cerowa\u0107 - najcz\u0119\u015bciej obje\u017cdzaj\u0105c je samochodem i podchodz\u0105c zwierz\u0119ta po ich znalezieniu, a tak\u017ce tropi\u0105c je w okolicach ich ostoi, gdzie mamy szanse zobaczy\u0107 dzikie \u017cubry w lesie.<\/p> <p style=\"color: #808080; font-family: 'Public Sans', Arial, sans-serif; font-size: 16px; font-weight: 400; letter-spacing: normal;\">Najciekawsze dla tropicieli, a jednocze\u015bnie najefektywniejsze jest po\u0142\u0105czenie obu metod.<\/p>\n<img src=\"https:\/\/wildriver.pl\/wp-content\/uploads\/2025\/03\/PC310743-600x750.jpg\" width=\"600\" height=\"750\" title=\"PC310743\" alt=\"PC310743\" srcset=\"https:\/\/wildriver.pl\/wp-content\/uploads\/2025\/03\/PC310743-600x750.jpg 600w, https:\/\/wildriver.pl\/wp-content\/uploads\/2025\/03\/PC310743-240x300.jpg 240w, https:\/\/wildriver.pl\/wp-content\/uploads\/2025\/03\/PC310743-768x960.jpg 768w, https:\/\/wildriver.pl\/wp-content\/uploads\/2025\/03\/PC310743.jpg 800w\" sizes=\"(max-width: 600px) 100vw, 600px\" \/>\n<h1>Safari w puszczy i tropienie \u017cubr\u00f3w w Puszczy Bia\u0142owieskiej - czy warto?<\/h1>\n<p>Zapraszamy na wyprawy do puszczy z przewodnikami WIld River.<\/p> <p>Podczas wyprawy przede wszystkim b\u0119dziemy razem obserwowa\u0107 dzikie \u017cubry, ale tak\u017ce nauczycie si\u0119 rozpoznawa\u0107 ich tropy, dowiedziecie si\u0119 gdzie i jak szuka\u0107 \u017cubr\u00f3w, jakie s\u0105 ich zwyczaje i biologia.<\/p> <p>Jednocze\u015bnie mamy du\u017ce szanse zobaczy\u0107 inne zwierz\u0119ta - przy okazji tropienia \u017cubr\u00f3w regularnie obserwujemy jelenie, sarny, dziki, lisy, \u0142osie, a przy wi\u0119kszej dozie szc\u017c\u0119\u015bcia tak\u017ce wilki. Obserwujemy te\u017c cz\u0119sto ptaki - kruki, myszo\u0142owy, jastrz\u0119bie, bieliki, \u017curawie i wiele innych.<\/p> <p>Specjalizujemy si\u0119 w indywidualnych, dedykowanych wyprawach rozpoczynaj\u0105cych si\u0119 bezpo\u015brednio w okolicach Puszczy Bia\u0142owieskiej lub te\u017c w Warszawie, sk\u0105d razem z naszymi go\u015bcmi jedziemy samochodem do Puszczy.<\/p>\n<a href=\"https:\/\/wildriver.pl\/index.php\/formularz-kontaktowy\/\" > ZAPYTAJ O OFERT\u0118 <\/a>\n<img src=\"https:\/\/wildriver.pl\/wp-content\/uploads\/2023\/01\/WildRiver_Zubr01-500x625.jpg\" width=\"500\" height=\"625\" title=\"WildRiver_Zubr01\" alt=\"WildRiver_Zubr01\" srcset=\"https:\/\/wildriver.pl\/wp-content\/uploads\/2023\/01\/WildRiver_Zubr01-500x625.jpg 500w, https:\/\/wildriver.pl\/wp-content\/uploads\/2023\/01\/WildRiver_Zubr01-240x300.jpg 240w, https:\/\/wildriver.pl\/wp-content\/uploads\/2023\/01\/WildRiver_Zubr01-768x960.jpg 768w, https:\/\/wildriver.pl\/wp-content\/uploads\/2023\/01\/WildRiver_Zubr01.jpg 800w\" sizes=\"(max-width: 500px) 100vw, 500px\" \/>\n\n<p>\u00a0<\/p> <p>\u00a0<\/p>\n<p><strong>Zobacz tak\u017ce:<\/strong><\/p> <p><a href=\"https:\/\/wildriver.pl\/index.php\/home\/safari-po-polsku-czyli-obserwowanie-dzikich-zwierzat\/wyprawa-na-losie-z-bagien-biebrzanskich\/\">- Wyprawa na biebrza\u0144skie \u0142osie<\/a><\/p> <p><a href=\"https:\/\/wildriver.pl\/index.php\/home\/safari-po-polsku-czyli-obserwowanie-dzikich-zwierzat\/obserwowanie-ptakow\/\">- Bird-watching nad Wis\u0142\u0105 i \/ lub Narwi\u0105<\/a><\/p> \u00a0","_links":{"self":[{"href":"https:\/\/wildriver.pl\/index.php\/wp-json\/wp\/v2\/pages\/1396","targetHints":{"allow":["GET"]}}],"collection":[{"href":"https:\/\/wildriver.pl\/index.php\/wp-json\/wp\/v2\/pages"}],"about":[{"href":"https:\/\/wildriver.pl\/index.php\/wp-json\/wp\/v2\/types\/page"}],"author":[{"embeddable":true,"href":"https:\/\/wildriver.pl\/index.php\/wp-json\/wp\/v2\/users\/1"}],"replies":[{"embeddable":true,"href":"https:\/\/wildriver.pl\/index.php\/wp-json\/wp\/v2\/comments?post=1396"}],"version-history":[{"count":25,"href":"https:\/\/wildriver.pl\/index.php\/wp-json\/wp\/v2\/pages\/1396\/revisions"}],"predecessor-version":[{"id":1890,"href":"https:\/\/wildriver.pl\/index.php\/wp-json\/wp\/v2\/pages\/1396\/revisions\/1890"}],"up":[{"embeddable":true,"href":"https:\/\/wildriver.pl\/index.php\/wp-json\/wp\/v2\/pages\/1431"}],"wp:attachment":[{"href":"https:\/\/wildriver.pl\/index.php\/wp-json\/wp\/v2\/media?parent=1396"}],"curies":[{"name":"wp","href":"https:\/\/api.w.org\/{rel}","templated":true}]}}